3) - (-5 - 10)?
8
What is -7 - (7 - (4 + 11))?
1
Evaluate 8 + 2 + (-34 - -31).
7
Evaluate (0 - -2) + (-1 + 2 - 0).
3
What is the value of -3 + 0 + -7 + 2 + 3?
-5
6 - (1 + 0) - 2
3
(-1 - -5) + -6 + 2
0
Evaluate (-2 - -2) + -7 + 0 + 3.
-4
Calculate -10 - -1 - 2 - -6.
-5
What is the value of 0 + 1 - -1 - (-5 - -4)?
3
Calculate (-8 - -16) + (-6 - -1).
3
What is the value of -5 - -21 - 6 - 6?
4
What is -4 + (1 - (3 + -6 + 2))?
-2
What is 18 + (-7 - 2) - 7?
2
Calculate (-3 - -4) + (2 + 2 - 3).
2
Evaluate (0 - 1) + -1 - (-35 + 39).
-6
What is -6 + (12 - 10) + 8 + 2?
6
What is 11 - 1 - (0 - -5)?
5
Evaluate -2 - (-1 + 0 + -5 - 0).
4
Calculate (0 - -3) + (-8 - -1 - -4).
0
Evaluate -3 - -7 - -1 - 3.
2
What is the value of -3 + 0 + -2 - (7 - 9)?
-3
Evaluate (-1 - -2) + 9 + -12.
-2
Calculate (-1 - 4) + -3 + -1 + 3.
-6
Calculate -5 - (1 + (-2 - 1 - 0)).
-3
What is -13 - -13 - (-3 - 1)?
4
What is the value of (-8 - -3 - -4) + -1 + 2?
0
Calculate -5 + (5 - (7 + -11)).
4
What is 4 + (-3 - 1) - (-2 + -1)?
3
(4 - -1) + -12 + 6 + 6
5
Evaluate (67 - 59) + -1 + -1.
6
Calculate (-4 - 6) + 5 + 1.
-4
Calculate 6 + -7 + 2 + 3 + 0.
4
Calculate (3 - 0 - 3) + 1 - -3.
4
Evaluate -78 + 82 - (1 - -7).
-4
Calculate 13 + (-5 - (5 + -2 - 2)).
7
Evaluate 0 + 0 + -8 + (40 - 35).
-3
Evaluate 8 + -19 + 10 - -10.
9
-10 + 3 - (0 + (-10 - -6))
-3
Calculate 186 + -200 - (-11 + 1).
-4
What is 1 + 3 + -3 - (7 - 2)?
-4
Evaluate 0 + 1 + -4 + 2.
-1
What is -11 - (3 - 2) - -7?
-5
What is 90 + -74 + (-9 - -1)?
8
-3 + 1 - -2 - (4 - 4)
0
(1 - (7 - 5)) + (7 - 3)
3
6 + -13 - 1 - -7
-1
What is 0 + -4 - -4 - 1 - -2?
1
Calculate -2 + (-5 + 2 - -3 - -5).
3
Calculate -4 + 1 + 7 + -1.
3
What is the value of (3 + 11 - 6) + -3 + 0?
5
What is -13 + 13 + -1 + 0?
-1
Evaluate (8 - 3) + -3 + -1 + 2.
3
What is the value of (13 - (1 - -2)) + -5?
5
What is -41 - -44 - (0 - 7)?
10
What is 2 - ((0 - -2) + 0 + 3)?
-3
Evaluate (-3 + 2 - -6) + -5 + 2.
2
What is the value of 4 - (-2 + 7 + (2 - 6))?
3
-5 + 10 + -7 + 2 + 1
1
Calculate -3 + -3 + 6 + 0.
0
Evaluate 8 + -6 - (-1 - -2).
1
What is (-5 - -4 - -2) + (1 - 2)?
0
(-4 - -8) + 9 + -7
6
2 - (-2 - 4) - (2 + 1)
5
Evaluate (-1 - -1) + (1 - (1 + 1)).
-1
Calculate (3 - (0 - 1)) + (-17 - -10).
-3
-9 + 3 + 21 + -17
-2
-2 + (-3 - -1) + 9
5
Calculate -1 + -4 + 5 + 1.
1
-31 - -27 - (-2 + 1)
-3
What is the value of 1 - ((2 - -4) + (-26 - -21))?
0
9 - (4 + (10 - 3))
-2
Evaluate (1 - 5 - (-3 - -1)) + 2.
0
What is the value of (-2 - 1) + 2 + 14 + -8?
5
What is the value of 12 + -10 + -4 + (-4 - 0)?
-6
Evaluate 0 + (-14 + 6 - -6).
-2
Evaluate -1 + 1 - (-3 + 7 + -4).
0
What is the value of 5 + 1 + 4 + -6?
4
What is the value of 1 - 7 - (20 - 17) - -4?
-5
Evaluate (8 - 3) + -11 + 6.
0
Calculate 11 + -1 + -3 + -7 + 4.
4
What is the value of (-5 - -4) + 3 - 0?
2
What is the value of (-6 - (-6 + 7 + -1)) + 7?
1
2 + (-1 - (-2 - (-2 + 3)))
4
Evaluate (-1 - 0) + 3 + -3.
-1
Evaluate (-13 - -7) + 5 + -1.
-2
(-30 - -22) + (8 - -2)
2
What is the value of 1 + 2 + -1 - 2?
0
What is -1 + 3 - (-5 - -2)?
5
What is -1 + -2 - (5 - (5 + 2))?
-1
What is the value of (2 - 1 - -3) + -3?
1
2 - 5 - 0 - (54 + -52)
-5
What is 4 + -4 + 3 - 3 - -3?
3
Calculate 2 + (4 - -2) + -3 + -1.
4
What is the value of -8 + 3 - (-1 - 0)?
-4
What is the value of -1 + 5 + -9 + 5?
0
What is -7 - 0 - (2 - (1 - -4))?
-4
Calculate -2 - (2 + 0 - (0 + 0)).
-4
(3 - 10) + (4 - 0) - 1
-4
5 + -3 - (2 - 0) - -2
2
6 - (12 - (4 - 0))
-2
What is 8 - (8 + -10 - -13)?
-3
What is (-18 + 4 - -10) + 0?
-4
-4 + -3 + 9 + -3 + 3
2
What is (-18 - (-7 + 9 - 8)) + 7?
-5
What is the value of 3 + (2 + -10 - -2)?
-3
What is 0 - 0 - (33 - 32) - 1?
-2
What is the value of -5 - (-3 + 1) - (2 + 0)?
-5
What is the value of 2 + -1 + -5 + -1?
-5
(5 - 0) + -7 + 7 + 1
6
What is the value of -4 + 0 - ((-15 - -8) + 3)?
0
What is (1 - (6 + -3)) + 7?
5
0 + (1 - -1) + 1 + -6
-3
What is the value of -9 - (-13 + -3 + 10)?
-3
What is -2 - ((-2 + -2 - -3) + -4)?
3
What is (1 - (7 - 1 - 2)) + 3?
0
Calculate (13 - (6 + -8 + 7)) + -1.
7
7 + (5 - -4) + -3 + -6
7
7 + (-7 - -3 - (2 - 2))
3
-1 + 3 - (39 - 37)
0
Evaluate 0 + -3 - (5 + 5 + -8).
-5
-3 + 4 + 0 - (-23 - -29)
-5
Calculate (-5 - -1 - (-20 - -19)) + 2.
-1
What is the value of 0 + -2 + (4 - -2)?
4
Calculate 2 - (-1 + -2 + (3 - -5)).
-3
5 + (-8 - -2) + -1
-2
-4 + (-2 - -1) - (-2 + -2)
-1
Calculate -6 - (4 - (0 + 5) - -2).
-7
What is the value of 0 - (1 + -1) - (52 + -48)?
-4
Evaluate 5 - (13 - (3 + 5)).
0
Calculate -9 + 0 + 0 + 8.
-1
What is -5 + (14 - 5 - 5)?
-1
What is 0 - (23 - 25 - (1 + 0))?
3
What is (-5 - -4) + 1 - 0?
0
Evaluate 0 + 1 + 0 + -19 + 21.
3
Evaluate 6 + -5 + 8 + -9 + 5.
5
(-5 + 2 - -2) + 5 + -1
3
0 + 0 + -110 + 117
7
-1 - (-8 - (-1 + 0) - -2)
4
Calculate (-20 - -23) + (0 - 1).
2
What is 5 + -1 + -5 + -1 - 3?
-5
Calculate 9 + (-1 - (7 - 2)).
3
Calculate -16 + 16 - (2 + (1 - 1)).
-2
-1 + -3 + (-4 + 5 - 6)
-9
What is the value of -4 + -1 - (-3 + 9 + -11)?
0
What is the value of -1 - -2 - ((-2 - -5) + 0)?
-2
Evaluate -9 + 1 - (-6 - (-7 - -6)).
-3
Evaluate -3 - (-1 + 0 + -12 + 7).
3
(-1 - -9) + -8 + 2 + -5
-3
What is -26 + 34 + -5 + 1?
4
-1 + 1 + (1 - 1 - 2)
-2
Calculate 0 + (-3 - 6) + 7.
-2
Evaluate -5 + (8 - 0) + 1 + -5.
-1
Calculate -3 + -6 + 7 + 5.
3
Evaluate 4 - 11 - ((-1 - -3) + -5).
-4
Calculate (-1 + 3 - 2) + -1.
-1
Evaluate -5 - (-3 + (-2 - (2 - 5))).
-3
What is -6 + (-3 - (-13 + 4))?
0
What is the value of (2 - -9 - (0 + 7)) + -4?
0
Calculate (8 - (4 - -11)) + 10.
3
Calculate 6 + -3 + -3 - (-1 + 2).
-1
Evaluate -2 + -2 + 2 + (1 - -3).
2
-3 + (0 - -4) + -4 + 4
1
What is the value of 4 + -3 + 4 + -5?
0
What is -3 + 1 + (-7 - -7)?
-2
What is 3 + 0 + -2 + (-9 - -8)?
0
Evaluate -7 - (2 - (3 + 3)) - -4.
1
Evaluate (-12 - -17) + 2 + -3 + 3.
7
Evaluate 0 + 1 + 36 + -47.
-10
What is (-1 - (-4 - -3 - -1)) + 0?
-1
What is -1 + 0 + 4 + -1 + -6?
-4
What is the value of -2 + 2 + 1 + 1?
2
What is (-6 - (2 - 4 - 1)) + 2?
-1
Evaluate -3 + (4 - 4) - (6 + -1).
-8
What is 15 - 1 - (-24 - -47)?
-9
Calculate (-6 - -2) + 4 + -4.
-4
Evaluate (2 + 3 - -4) + -5.
4
What is the value of (-7 - -6) + 6 + -6 - 3?
-4
What is 1 + (-6 + 0 - -3) - 3?
-5
Calculate 3 + 1 + -3 + -1.
0
Evaluate 2 + 4 + -13 + 10.
3
What is (-4 - -5 - 4) + 5?
2
Calculate (2 - 0 - 8) + 0 + 7.
1
What is the value of -3 - (-14 + -2 + 4 + 4)?
5
Calculate 4 - (2 + 2 + -4).
4
What is the value of (-3 - 11 - -18) + (2 - -1)?
7
1 - (-1 + (5 - 2))
-1
Calculate (-4 - (0 - 7)) + 0.
3
(27 - 16) + (-2 - 4)
5
What is -5 + 1 + 3 + -2 + -1?
-4
Evaluate (1 - 0) + (4 - 5).
0
What is the value of 11 + -4 - 14 - -2?
-5
What is (-1 - -9 - 26) + 14?
-4
What is the value of -39 - -30 - (1 + -8)?
-2
What is the value of (-12 - -3 - -13) + (-1 - 0)?
3
Calculate -2 + 7 + -4 - -4.
5
Evaluate 3 + (0 - 5) + 7.
5
What is the value of -4 + 5 - (5 + 0)?
-4
Calculate -1 + 1 + 13 + -9 + 1.
5
Calculate -2 + (5 - (3 - (-2 - 0))).
-2
2 - (6 + 9 + -7)
-6
What is 5 + -9 + 9 - 5?
0
3 + (-6 - (-7 + (6 - 6)))
4
What is the value of 2 + (5 - 4) - 2?
1
Evaluate -27 + 7 + 3 + 10.
-7
What is the value of 7 - 1 - (34 - 25)?
-3
(2 - -2 - 5) + 0
-1
Calculate 4 - (3 - 6 - -3).
4
What is the value of (-12 - (1 - 5 - -1)) + 4?
-5
-3 + -23 - -11 - -12
-3
What is (-5 - -3) + (-1 - 0 - -6)?
3
Calculate 1 + 0 + 5 + -7 + 3.
2
(-1 - (-6 - 2) - 10) + 3
0
-3 - (-3 + -2) - -1 - 3
0
What is -2 - ((4 - (5 - 0)) + 0)?
-1
What is the value of 1 + 2 + -5 + 4?
2
What is the value of -18 + (-1 - (-11 + 0))?
-8
Calculate 2 + (-5 - 1) - -5.
1
1 - (-6 + 1) - 2 - 12
-8
Calculate 6 + -1 + -5 + -3.
-3
Calculate (-5 - ((13 - 5) + -9)) + 5.
1
What is -3 - (-5 + (4 - -6))?
-8
What is the value of (-1 - -7) + (-8 - -2)?
0
Evaluate 3 + -2 - (4 - 1 - 0).
-2
(-4 - 2) + 1 + 0 + 4
-1
What is -2 + (-2 - -3) + 6?
5
What is -9 - (-45 - -44 - (2 + 1))?
-5
Calculate -1 - 10 - (-14 + 6).
-3
What is (4 - 0) + (-12 - -10)?
2
8 - ((6 - 3) + 1)
4
Calculate 3 + (1 - (5 - 5)) - -3.
7
(1 - (-5 + 2)) + 16 + -14
6
2 + (-1 - 1 - (2 - 9))
7
-6 - (-6 - -5) - -4
-1
11 - (-11 + (-6 - -19))
9
What is 6 - 0 - (-3 + 6)?
3
Evaluate -2 - (-4 - (5 + -1 + -8)).
-2
Calculate -3 + 2 + -1 + (3 - 5).
-4
18 + -2 - 8 - 7
1
Evaluate 6 + 0 - (24 - 13).
-5
-1 - 0 - (-33 + 42)
-10
What is the value of -9 + (2 + -13 - -12)?
-8
Evaluate -3 - -2 - -13 - (-10 - -12).
10
